{"id":1160,"date":"2018-08-29T19:48:03","date_gmt":"2018-08-29T22:48:03","guid":{"rendered":"https:\/\/isfd55-bue.infd.edu.ar\/sitio\/ubicacion-y-contacto\/"},"modified":"2021-07-01T16:18:26","modified_gmt":"2021-07-01T19:18:26","slug":"ubicacion-y-contacto","status":"publish","type":"page","link":"https:\/\/isfd55-bue.infd.edu.ar\/sitio\/ubicacion-y-contacto\/","title":{"rendered":"Ubicaci\u00f3n y Contacto"},"content":{"rendered":"<p style=\"text-align: justify;\"><span style=\"font-size: 12pt; font-family: tahoma, arial, helvetica, sans-serif;\">El instituto se encuentra ubicado en la cabecera del partido de Escobar y funciona en tres sedes. La primera sede con la que cuente el instituto es la Escuela Primaria N\u00ba 2 (Estrada y Belgrano). Desde su apertura, el instituto ha funcionado en esta sede.\u00a0<\/span><\/p>\n<p style=\"text-align: justify;\"><span style=\"font-size: 12pt; font-family: tahoma, arial, helvetica, sans-serif;\">\u00a0<\/span><\/p>\n<p style=\"text-align: center;\"><span style=\"font-size: 12pt; font-family: tahoma, arial, helvetica, sans-serif;\"><img decoding=\"async\" loading=\"lazy\" style=\"border: 0;\" src=\"https:\/\/isfd55-bue.infd.edu.ar\/sitio\/wp-content\/uploads\/2018\/08\/Imagen_del_instituto.jpg\" width=\"600\" height=\"500\" border=\"0\" \/><\/span><\/p>\n<p style=\"text-align: justify;\"><span style=\"font-size: 12pt; font-family: tahoma, arial, helvetica, sans-serif;\">\u00a0<\/span><span style=\"font-size: 12pt; font-family: tahoma, arial, helvetica, sans-serif;\">Luego, por la creaci\u00f3n de nuevas carreras y ampliaci\u00f3n en la matricula, se sumaron dos sedes como anexos: la Escuela Secundaria N\u00ba 21 (Estrada N\u00ba 434) y la Escuela Primara N\u00ba 14 (Los Lazaristas N\u00ba 914).\u00a0<\/span><\/p>\n<p style=\"text-align: justify;\"><strong style=\"font-family: tahoma, arial, helvetica, sans-serif; font-size: 12pt;\">Tel\u00e9fono:<\/strong><span style=\"font-size: 12pt; font-family: tahoma, arial, helvetica, sans-serif;\"> 0348-4422354<\/span><\/p>\n<p><span style=\"font-size: 12pt; font-family: tahoma, arial, helvetica, sans-serif;\"><strong>Correo electr\u00f3nico:<\/strong>\u00a0<a href=\"mailto:isfd55escobar@abc.gob.ar\">isfd55escobar@abc.gob.ar<\/a><\/span><\/p>\n<p><span style=\"font-size: 12pt; font-family: tahoma, arial, helvetica, sans-serif;\"><strong>Sitio web:<\/strong>\u00a0<a title=\"Home\" href=\"index.cgi\">http:\/\/isfd55.bue.infd.edu.ar<\/a><\/span><\/p>\n<p><span style=\"font-size: 12pt; font-family: tahoma, arial, helvetica, sans-serif;\"><strong>Horario:<\/strong>\u00a0turno vespertino de lunes a viernes y los s\u00e1bados por la ma\u00f1ana.\u00a0<\/span><\/p>\n<p>&nbsp;<\/p>\n<p>&nbsp;<\/p>\n<p>&nbsp;<\/p>\n<p>&nbsp;<\/p>\n<table border=\"0\">\n<tbody>\n<tr>\n<td><span data-mce-mark=\"1\"><span data-mce-mark=\"1\">Integramos la\u00a0<\/span><strong><em>Red\u00a0Virtual de Institutos Superiores de Formaci\u00f3n Docente<\/em><\/strong><span data-mce-mark=\"1\">\u00a0coordinada por el\u00a0<\/span><strong>INFD<\/strong><span data-mce-mark=\"1\">\u00a0(Instituto Nacional de Formaci\u00f3n Docente) dependiente del Ministerio de Educaci\u00f3n de la Naci\u00f3n Argentina.<\/span><\/span><\/td>\n<td><span data-mce-mark=\"1\"><img decoding=\"async\" loading=\"lazy\" src=\"https:\/\/isfd55-bue.infd.edu.ar\/sitio\/wp-content\/uploads\/2018\/08\/la_red.jpg\" width=\"186\" height=\"125\" border=\"0\" \/><\/span><\/p>\n<p>&nbsp;<\/td>\n<\/tr>\n<\/tbody>\n<\/table>\n","protected":false},"excerpt":{"rendered":"<p>El instituto se encuentra ubicado en la cabecera del partido de Escobar y funciona en tres sedes. La primera sede con la que cuente el instituto es la Escuela Primaria N\u00ba 2 (Estrada y Belgrano). Desde su apertura, el instituto ha funcionado en esta sede.\u00a0 \u00a0 \u00a0Luego, por la creaci\u00f3n de nuevas carreras y ampliaci\u00f3n &#8230; <a title=\"Ubicaci\u00f3n y Contacto\" class=\"read-more\" href=\"https:\/\/isfd55-bue.infd.edu.ar\/sitio\/ubicacion-y-contacto\/\" aria-label=\"More on Ubicaci\u00f3n y Contacto\">[+]<\/a><\/p>\n","protected":false},"author":1682,"featured_media":0,"parent":0,"menu_order":0,"comment_status":"closed","ping_status":"closed","template":"","meta":[],"acf":[],"_links":{"self":[{"href":"https:\/\/isfd55-bue.infd.edu.ar\/sitio\/wp-json\/wp\/v2\/pages\/1160"}],"collection":[{"href":"https:\/\/isfd55-bue.infd.edu.ar\/sitio\/wp-json\/wp\/v2\/pages"}],"about":[{"href":"https:\/\/isfd55-bue.infd.edu.ar\/sitio\/wp-json\/wp\/v2\/types\/page"}],"author":[{"embeddable":true,"href":"https:\/\/isfd55-bue.infd.edu.ar\/sitio\/wp-json\/wp\/v2\/users\/1682"}],"replies":[{"embeddable":true,"href":"https:\/\/isfd55-bue.infd.edu.ar\/sitio\/wp-json\/wp\/v2\/comments?post=1160"}],"version-history":[{"count":2,"href":"https:\/\/isfd55-bue.infd.edu.ar\/sitio\/wp-json\/wp\/v2\/pages\/1160\/revisions"}],"predecessor-version":[{"id":2431,"href":"https:\/\/isfd55-bue.infd.edu.ar\/sitio\/wp-json\/wp\/v2\/pages\/1160\/revisions\/2431"}],"wp:attachment":[{"href":"https:\/\/isfd55-bue.infd.edu.ar\/sitio\/wp-json\/wp\/v2\/media?parent=1160"}],"curies":[{"name":"wp","href":"https:\/\/api.w.org\/{rel}","templated":true}]}}