{"id":1386,"date":"2018-12-14T20:59:09","date_gmt":"2018-12-14T23:59:09","guid":{"rendered":"https:\/\/isfd55-bue.infd.edu.ar\/sitio\/?page_id=1386"},"modified":"2026-03-16T15:49:23","modified_gmt":"2026-03-16T18:49:23","slug":"1386-2","status":"publish","type":"page","link":"https:\/\/isfd55-bue.infd.edu.ar\/sitio\/1386-2\/","title":{"rendered":"T\u00c9CNICO SUPERIOR EN MARKETING*"},"content":{"rendered":"\n<figure class=\"wp-block-table is-style-stripes\"><table><tbody><tr><td><img decoding=\"async\" loading=\"lazy\" width=\"97\" height=\"97\" class=\"wp-image-2739\" style=\"width: 100px;\" src=\"https:\/\/isfd55-bue.infd.edu.ar\/sitio\/wp-content\/uploads\/2022\/10\/icono1.png\" alt=\"\"> <\/td><td><span class=\"has-inline-color has-black-color\"><strong>Tecnicatura Superior con Validez Nacional<\/strong><\/span><\/td><\/tr><tr><td><img decoding=\"async\" loading=\"lazy\" width=\"97\" height=\"97\" class=\"wp-image-2743\" style=\"width: 100px;\" src=\"https:\/\/isfd55-bue.infd.edu.ar\/sitio\/wp-content\/uploads\/2022\/10\/icono2.png\" alt=\"\"><\/td><td><strong>Carga horaria total: 1952 horas<\/strong><\/td><\/tr><tr><td><img decoding=\"async\" loading=\"lazy\" width=\"97\" height=\"97\" class=\"wp-image-2740\" style=\"width: 100px;\" src=\"https:\/\/isfd55-bue.infd.edu.ar\/sitio\/wp-content\/uploads\/2022\/10\/icono3.png\" alt=\"\"><\/td><td><strong>Tres a\u00f1os de duraci\u00f3n<\/strong><\/td><\/tr><tr><td><img decoding=\"async\" loading=\"lazy\" width=\"97\" height=\"97\" class=\"wp-image-2741\" style=\"width: 100px;\" src=\"https:\/\/isfd55-bue.infd.edu.ar\/sitio\/wp-content\/uploads\/2022\/10\/icono4.png\" alt=\"\"><\/td><td><strong>Anexo 1 &#8211; Estrada 434 &#8211; Bel\u00e9n de Escobar<\/strong><\/td><\/tr><tr><td><img decoding=\"async\" loading=\"lazy\" width=\"97\" height=\"97\" class=\"wp-image-2742\" style=\"width: 100px;\" src=\"https:\/\/isfd55-bue.infd.edu.ar\/sitio\/wp-content\/uploads\/2022\/10\/icono5.png\" alt=\"\"><\/td><td><strong>De Lunes a Viernes, de 17:30 a 22:30hs. S\u00e1bados de 8 a 12hs.<\/strong><br>Pr\u00e1cticas en contraturno (Ma\u00f1ana y\/o Tarde).<\/td><\/tr><\/tbody><\/table><\/figure>\n\n\n\n<p><\/p>\n\n\n\n<div class=\"wp-block-buttons is-horizontal is-content-justification-center is-layout-flex wp-container-1\">\n<div class=\"wp-block-button\"><a class=\"wp-block-button__link has-text-color has-background wp-element-button\" href=\"https:\/\/abc.gob.ar\/secretarias\/sites\/default\/files\/2025-12\/RSC-2025-6184%20Marketing%20%283%20archivos%20fusionados%29.pdf\" style=\"border-radius:2px;color:#fffffa;background-color:#036340\" target=\"_blank\" rel=\"noreferrer noopener\">Descargar Plan de Estudios Vigente<\/a><\/div>\n<\/div>\n\n\n\n<hr class=\"wp-block-separator has-css-opacity\"\/>\n\n\n\n<p>*A partir del 2026 la carrera cambi\u00f3 el Plan de Estudio y la denominaci\u00f3n. Pas\u00f3 de llamarse \u00abTecnicatura en Administraci\u00f3n con Orientaci\u00f3n a Marketing\u00bb a \u00abTecnicatura en Marketing\u00bb.<\/p>\n\n\n\n<p class=\"has-medium-font-size\"><strong>Requisitos de Ingreso:<\/strong> El ingreso es directo <strong>con certificaci\u00f3n del nivel secundario acreditada<\/strong>.<\/p>\n\n\n\n<hr class=\"wp-block-separator has-css-opacity\"\/>\n","protected":false},"excerpt":{"rendered":"<p>*A partir del 2026 la carrera cambi\u00f3 el Plan de Estudio y la denominaci\u00f3n. Pas\u00f3 de llamarse \u00abTecnicatura en Administraci\u00f3n con Orientaci\u00f3n a Marketing\u00bb a \u00abTecnicatura en Marketing\u00bb.<\/p>\n","protected":false},"author":1683,"featured_media":0,"parent":0,"menu_order":0,"comment_status":"closed","ping_status":"closed","template":"","meta":[],"acf":[],"_links":{"self":[{"href":"https:\/\/isfd55-bue.infd.edu.ar\/sitio\/wp-json\/wp\/v2\/pages\/1386"}],"collection":[{"href":"https:\/\/isfd55-bue.infd.edu.ar\/sitio\/wp-json\/wp\/v2\/pages"}],"about":[{"href":"https:\/\/isfd55-bue.infd.edu.ar\/sitio\/wp-json\/wp\/v2\/types\/page"}],"author":[{"embeddable":true,"href":"https:\/\/isfd55-bue.infd.edu.ar\/sitio\/wp-json\/wp\/v2\/users\/1683"}],"replies":[{"embeddable":true,"href":"https:\/\/isfd55-bue.infd.edu.ar\/sitio\/wp-json\/wp\/v2\/comments?post=1386"}],"version-history":[{"count":16,"href":"https:\/\/isfd55-bue.infd.edu.ar\/sitio\/wp-json\/wp\/v2\/pages\/1386\/revisions"}],"predecessor-version":[{"id":3892,"href":"https:\/\/isfd55-bue.infd.edu.ar\/sitio\/wp-json\/wp\/v2\/pages\/1386\/revisions\/3892"}],"wp:attachment":[{"href":"https:\/\/isfd55-bue.infd.edu.ar\/sitio\/wp-json\/wp\/v2\/media?parent=1386"}],"curies":[{"name":"wp","href":"https:\/\/api.w.org\/{rel}","templated":true}]}}