{"id":2479,"date":"2021-09-24T14:17:36","date_gmt":"2021-09-24T17:17:36","guid":{"rendered":"https:\/\/isfd55-bue.infd.edu.ar\/sitio\/?page_id=2479"},"modified":"2021-10-01T14:37:37","modified_gmt":"2021-10-01T17:37:37","slug":"semana-de-la-formacion-docente","status":"publish","type":"page","link":"https:\/\/isfd55-bue.infd.edu.ar\/sitio\/semana-de-la-formacion-docente\/","title":{"rendered":"Semana de la formaci\u00f3n docente 2021"},"content":{"rendered":"\n<p><\/p>\n\n\n\n<p><strong>La Pandemia de Covid-19 ha dejado su cuota de tristeza y frustraci\u00f3n, pero tambi\u00e9n ha ofrecido oportunidades de aprendizaje. Aqu\u00ed hay una peque\u00f1a muestra de lo que los estudiantes hicieron el el ISFD Y T N\u00b0 55 en 2020-2021. <\/strong><\/p>\n\n\n\n<p><strong>The Covid-19 Pandemic has left its share of sadness and frustration, but it has also offered us opportunities for learning. Here is a small sample of what the students did at ISFD y T 55 in 2020-2021. <\/strong><\/p>\n\n\n\n<figure class=\"wp-block-image\"><img decoding=\"async\" src=\"https:\/\/img.freepik.com\/vector-gratis\/pila-libros-escolares-boligrafos-lapices-ilustracion-dibujos-animados-plana-vidrio-aislado-blanco_101884-474.jpg?size=338&amp;ext=jpg\" alt=\"Pila de libros escolares con bol\u00edgrafos y l\u00e1pices ilustraci\u00f3n de dibujos  animados plana de vidrio aislado en blanco | Vector Premium\"\/><\/figure>\n\n\n\n<p><strong>El material ser\u00e1 publicado a partir del 27 de septiembre: <\/strong><\/p>\n\n\n\n<p><strong>The material will be available to you as from Monday 27 September:<\/strong><\/p>\n\n\n\n<ul><li>Lunes 27 y mi\u00e9rcoles 29 de septiembre y viernes 1 de octubre: Acentos ingleses.<\/li><li>Monday 27<sup>th<\/sup> &amp; Wednesday 29th September&nbsp; &amp; Friday 1st October : English Accents<\/li><\/ul>\n\n\n\n<p class=\"has-text-align-center\"><a href=\"https:\/\/drive.google.com\/file\/d\/1vpFejTnbPbjXi1MOCCfT2vXQlKwcbIsz\/view\" data-type=\"URL\" data-id=\"https:\/\/drive.google.com\/file\/d\/1vpFejTnbPbjXi1MOCCfT2vXQlKwcbIsz\/view\">Acentos ingleses parte 1<\/a><\/p>\n\n\n\n<p class=\"has-text-align-center\"><a href=\"https:\/\/drive.google.com\/file\/d\/1vpFejTnbPbjXi1MOCCfT2vXQlKwcbIsz\/view\" data-type=\"URL\" data-id=\"https:\/\/drive.google.com\/file\/d\/1vpFejTnbPbjXi1MOCCfT2vXQlKwcbIsz\/view\">English Accents part 1<\/a><\/p>\n\n\n\n<p class=\"has-text-align-center\"><a href=\"https:\/\/drive.google.com\/file\/d\/1WEaiXarC3ml77Ic5gUAFTwQevjWTBhQY\/view?usp=drivesdk\">Acentos ingleses parte 2<\/a><\/p>\n\n\n\n<p class=\"has-text-align-center\"><a href=\"https:\/\/drive.google.com\/file\/d\/1WEaiXarC3ml77Ic5gUAFTwQevjWTBhQY\/view?usp=drivesdk\">English Accents part 2<\/a><\/p>\n\n\n\n<p class=\"has-text-align-center\"><a href=\"https:\/\/drive.google.com\/file\/d\/15-_hQlxxbkaYSp29RxhKgMDlT4edLiMW\/view?usp=drivesdk\" data-type=\"URL\" data-id=\"https:\/\/drive.google.com\/file\/d\/15-_hQlxxbkaYSp29RxhKgMDlT4edLiMW\/view?usp=drivesdk\">Acentos ingleses parte 3<\/a><\/p>\n\n\n\n<p class=\"has-text-align-center\"><a href=\"https:\/\/drive.google.com\/file\/d\/15-_hQlxxbkaYSp29RxhKgMDlT4edLiMW\/view?usp=drivesdk\" data-type=\"URL\" data-id=\"https:\/\/drive.google.com\/file\/d\/15-_hQlxxbkaYSp29RxhKgMDlT4edLiMW\/view?usp=drivesdk\">English Accents part 3<\/a><\/p>\n\n\n\n<ul><li>Martes 28 de septiembre Oratoria y Ret\u00f3rica ( Una nueva materia-una nuevo desaf\u00edo)<\/li><li>Tuesday 28th September: Oratory &amp; Rhetoric ( a new subject-a new challenge)<\/li><\/ul>\n\n\n\n<p class=\"has-text-align-center\"><a href=\"https:\/\/drive.google.com\/file\/d\/1aVjKqUtiAgRVReRAFzKbjrrEzaniQSui\/view?usp=drivesdk\" data-type=\"URL\" data-id=\"https:\/\/drive.google.com\/file\/d\/1aVjKqUtiAgRVReRAFzKbjrrEzaniQSui\/view?usp=drivesdk\">Oratoria y Ret\u00f3rica<\/a><\/p>\n\n\n\n<p class=\"has-text-align-center\"><a href=\"https:\/\/drive.google.com\/file\/d\/1aVjKqUtiAgRVReRAFzKbjrrEzaniQSui\/view?usp=drivesdk\" data-type=\"URL\" data-id=\"https:\/\/drive.google.com\/file\/d\/1aVjKqUtiAgRVReRAFzKbjrrEzaniQSui\/view?usp=drivesdk\">Oratory &amp; Rhetoric<\/a><\/p>\n\n\n\n<ul><li>Jueves 30 de septiembre: El juego Oculto. Nuevas tendencias en las Pr\u00e1cticas Profesionalizantes.<\/li><\/ul>\n\n\n\n<ul><li>Thursday 30: The Hidden Game. A video about new trends in Practicum<\/li><\/ul>\n\n\n\n<div class=\"wp-block-file aligncenter\"><a href=\"https:\/\/isfd55-bue.infd.edu.ar\/sitio\/wp-content\/uploads\/2021\/09\/Uncover-the-Hidden-Game.pdf\">Uncover-the-Hidden-Game<\/a><a href=\"https:\/\/isfd55-bue.infd.edu.ar\/sitio\/wp-content\/uploads\/2021\/09\/Uncover-the-Hidden-Game.pdf\" class=\"wp-block-file__button\" download>Descarga<\/a><\/div>\n\n\n\n<p><\/p>\n","protected":false},"excerpt":{"rendered":"<p>La Pandemia de Covid-19 ha dejado su cuota de tristeza y frustraci\u00f3n, pero tambi\u00e9n ha ofrecido oportunidades de aprendizaje. Aqu\u00ed hay una peque\u00f1a muestra de lo que los estudiantes hicieron el el ISFD Y T N\u00b0 55 en 2020-2021. The Covid-19 Pandemic has left its share of sadness and frustration, but it has also offered &#8230; <a title=\"Semana de la formaci\u00f3n docente 2021\" class=\"read-more\" href=\"https:\/\/isfd55-bue.infd.edu.ar\/sitio\/semana-de-la-formacion-docente\/\" aria-label=\"More on Semana de la formaci\u00f3n docente 2021\">[+]<\/a><\/p>\n","protected":false},"author":1683,"featured_media":0,"parent":0,"menu_order":0,"comment_status":"closed","ping_status":"closed","template":"","meta":[],"acf":[],"_links":{"self":[{"href":"https:\/\/isfd55-bue.infd.edu.ar\/sitio\/wp-json\/wp\/v2\/pages\/2479"}],"collection":[{"href":"https:\/\/isfd55-bue.infd.edu.ar\/sitio\/wp-json\/wp\/v2\/pages"}],"about":[{"href":"https:\/\/isfd55-bue.infd.edu.ar\/sitio\/wp-json\/wp\/v2\/types\/page"}],"author":[{"embeddable":true,"href":"https:\/\/isfd55-bue.infd.edu.ar\/sitio\/wp-json\/wp\/v2\/users\/1683"}],"replies":[{"embeddable":true,"href":"https:\/\/isfd55-bue.infd.edu.ar\/sitio\/wp-json\/wp\/v2\/comments?post=2479"}],"version-history":[{"count":12,"href":"https:\/\/isfd55-bue.infd.edu.ar\/sitio\/wp-json\/wp\/v2\/pages\/2479\/revisions"}],"predecessor-version":[{"id":2504,"href":"https:\/\/isfd55-bue.infd.edu.ar\/sitio\/wp-json\/wp\/v2\/pages\/2479\/revisions\/2504"}],"wp:attachment":[{"href":"https:\/\/isfd55-bue.infd.edu.ar\/sitio\/wp-json\/wp\/v2\/media?parent=2479"}],"curies":[{"name":"wp","href":"https:\/\/api.w.org\/{rel}","templated":true}]}}